prime factors of 56051?
23, 2437
What are the prime factors of 63?
3, 7
What are the prime factors of 51901?
17, 43, 71
What are the prime factors of 1926?
2, 3, 107
What are the prime factors of 8224?
2, 257
List the prime factors of 4860.
2, 3, 5
What are the prime factors of 1451?
1451
List the prime factors of 1113.
3, 7, 53
What are the prime factors of 1210?
2, 5, 11
List the prime factors of 19671.
3, 79, 83
What are the prime factors of 1023?
3, 11, 31
What are the prime factors of 215?
5, 43
What are the prime factors of 419?
419
List the prime factors of 59135.
5, 11827
What are the prime factors of 1506?
2, 3, 251
List the prime factors of 56411.
19, 2969
List the prime factors of 1113.
3, 7, 53
What are the prime factors of 795?
3, 5, 53
List the prime factors of 24480.
2, 3, 5, 17
What are the prime factors of 8067?
3, 2689
What are the prime factors of 9162?
2, 3, 509
What are the prime factors of 1042?
2, 521
List the prime factors of 8557.
43, 199
List the prime factors of 370.
2, 5, 37
What are the prime factors of 37287?
3, 1381
List the prime factors of 142654.
2, 71327
List the prime factors of 15220.
2, 5, 761
List the prime factors of 684.
2, 3, 19
List the prime factors of 18933.
3, 6311
What are the prime factors of 44398?
2, 79, 281
List the prime factors of 27325.
5, 1093
List the prime factors of 7975.
5, 11, 29
What are the prime factors of 4899?
3, 23, 71
List the prime factors of 6814.
2, 3407
What are the prime factors of 8804?
2, 31, 71
List the prime factors of 538.
2, 269
What are the prime factors of 1642?
2, 821
List the prime factors of 149385.
3, 5, 23, 433
List the prime factors of 4989.
3, 1663
List the prime factors of 4105.
5, 821
What are the prime factors of 2690?
2, 5, 269
What are the prime factors of 25039?
7, 73
List the prime factors of 21639.
3, 7213
What are the prime factors of 77430?
2, 3, 5, 29, 89
List the prime factors of 10665.
3, 5, 79
What are the prime factors of 990?
2, 3, 5, 11
What are the prime factors of 1321?
1321
What are the prime factors of 9679?
9679
List the prime factors of 27334.
2, 79, 173
List the prime factors of 803.
11, 73
What are the prime factors of 1111?
11, 101
What are the prime factors of 1286?
2, 643
What are the prime factors of 12260?
2, 5, 613
List the prime factors of 5863.
11, 13, 41
What are the prime factors of 21620?
2, 5, 23, 47
What are the prime factors of 2618?
2, 7, 11, 17
What are the prime factors of 1405?
5, 281
List the prime factors of 16307.
23, 709
List the prime factors of 453.
3, 151
List the prime factors of 8905.
5, 13, 137
List the prime factors of 114438.
2, 3, 19073
List the prime factors of 2511.
3, 31
List the prime factors of 3209.
3209
List the prime factors of 58509.
3, 11, 197
What are the prime factors of 66327?
3, 22109
What are the prime factors of 725?
5, 29
List the prime factors of 16107.
3, 7, 13, 59
List the prime factors of 2680.
2, 5, 67
List the prime factors of 227.
227
List the prime factors of 28850.
2, 5, 577
List the prime factors of 98.
2, 7
List the prime factors of 2625.
3, 5, 7
List the prime factors of 6845.
5, 37
List the prime factors of 23716.
2, 7, 11
List the prime factors of 1587.
3, 23
What are the prime factors of 3773?
7, 11
List the prime factors of 4174.
2, 2087
What are the prime factors of 19931?
19, 1049
What are the prime factors of 285?
3, 5, 19
What are the prime factors of 10968?
2, 3, 457
What are the prime factors of 5377?
19, 283
List the prime factors of 1385.
5, 277
List the prime factors of 2313.
3, 257
What are the prime factors of 12825?
3, 5, 19
List the prime factors of 1885.
5, 13, 29
List the prime factors of 6387.
3, 2129
What are the prime factors of 25227?
3, 2803
What are the prime factors of 32544?
2, 3, 113
What are the prime factors of 1603?
7, 229
What are the prime factors of 107656?
2, 13457
List the prime factors of 12076.
2, 3019
What are the prime factors of 4124?
2, 1031
What are the prime factors of 7153?
23, 311
What are the prime factors of 24844?
2, 6211
What are the prime factors of 5810?
2, 5, 7, 83
List the prime factors of 999.
3, 37
List the prime factors of 36504.
2, 3, 13
List the prime factors of 11580.
2, 3, 5, 193
What are the prime factors of 969?
3, 17, 19
List the prime factors of 6147.
3, 683
List the prime factors of 816.
2, 3, 17
List the prime factors of 1694.
2, 7, 11
List the prime factors of 3520.
2, 5, 11
List the prime factors of 777.
3, 7, 37
List the prime factors of 2883.
3, 31
List the prime factors of 16075.
5, 643
What are the prime factors of 918?
2, 3, 17
List the prime factors of 475.
5, 19
List the prime factors of 30252.
2, 3, 2521
List the prime factors of 491.
491
What are the prime factors of 20021?
20021
What are the prime factors of 5608?
2, 701
List the prime factors of 8160.
2, 3, 5, 17
List the prime factors of 14320.
2, 5, 179
What are the prime factors of 6422?
2, 13, 19
List the prime factors of 7703.
7703
List the prime factors of 1939.
7, 277
What are the prime factors of 1281?
3, 7, 61
List the prime factors of 808.
2, 101
What are the prime factors of 15589?
7, 17, 131
What are the prime factors of 1029?
3, 7
List the prime factors of 17206.
2, 7, 1229
List the prime factors of 8929.
8929
List the prime factors of 9765.
3, 5, 7, 31
What are the prime factors of 1335?
3, 5, 89
List the prime factors of 349.
349
What are the prime factors of 15585?
3, 5, 1039
List the prime factors of 1115.
5, 223
What are the prime factors of 29380?
2, 5, 13, 113
List the prime factors of 17133.
3, 5711
List the prime factors of 1430.
2, 5, 11, 13
What are the prime factors of 7346?
2, 3673
What are the prime factors of 94200?
2, 3, 5, 157
List the prime factors of 11798.
2, 17, 347
What are the prime factors of 8137?
79, 103
List the prime factors of 1116.
2, 3, 31
What are the prime factors of 8859?
3, 2953
What are the prime factors of 15002?
2, 13, 577
What are the prime factors of 99342?
2, 3, 5519
List the prime factors of 940.
2, 5, 47
What are the prime factors of 3215?
5, 643
List the prime factors of 8542.
2, 4271
List the prime factors of 24942.
2, 3, 4157
What are the prime factors of 618?
2, 3, 103
What are the prime factors of 41193?
3, 23, 199
List the prime factors of 11294.
2, 5647
List the prime factors of 783.
3, 29
What are the prime factors of 62562?
2, 3, 10427
What are the prime factors of 8181?
3, 101
What are the prime factors of 4318?
2, 17, 127
What are the prime factors of 32083?
32083
List the prime factors of 79677.
3, 13, 227
List the prime factors of 2430.
2, 3, 5
What are the prime factors of 64181?
13, 4937
What are the prime factors of 2417?
2417
What are the prime factors of 25395?
3, 5, 1693
List the prime factors of 4622.
2, 2311
What are the prime factors of 663?
3, 13, 17
List the prime factors of 58329.
3, 6481
What are the prime factors of 11798?
2, 17, 347
What are the prime factors of 569?
569
What are the prime factors of 26720?
2, 5, 167
What are the prime factors of 17485?
5, 13, 269
List the prime factors of 970.
2, 5, 97
List the prime factors of 83040.
2, 3, 5, 173
What are the prime factors of 3788?
2, 947
List the prime factors of 1228.
2, 307
What are the prime factors of 1607?
1607
List the prime factors of 4222.
2, 2111
List the prime factors of 2673.
3, 11
What are the prime factors of 10941?
3, 7, 521
List the prime factors of 3538.
2, 29, 61
List the prime factors of 55233.
3, 17, 19
What are the prime factors of 1825?
5, 73
List the prime factors of 178512.
2, 3, 3719
List the prime factors of 1092.
2, 3, 7, 13
List the prime factors of 23382.
2, 3, 433
What are the prime factors of 73?
73
What are the prime factors of 13278?
2, 3, 2213
What are the prime factors of 57805?
5, 11, 1051
List the prime factors of 787.
787
List the prime factors of 41990.
2, 5, 13, 17, 19
List the prime factors of 71220.
2, 3, 5, 1187
List the prime factors of 11745.
3, 5, 29
What are the prime factors of 74463?
3, 24821
List the prime factors of 985.
5, 197
List the prime factors of 2846.
2, 1423
List the prime factors of 55867.
7, 23, 347
What are the prime factors of 7319?
13, 563
List the prime factors of 28203.
3, 7, 17, 79
What are the prime factors of 1496?
2, 11, 17
What are the 